{"id":1862,"date":"2022-08-04T08:07:38","date_gmt":"2022-08-04T08:07:38","guid":{"rendered":"https:\/\/spegea.it\/landing\/?page_id=1862"},"modified":"2024-03-13T16:45:59","modified_gmt":"2024-03-13T16:45:59","slug":"privacy-e-cookie-policy","status":"publish","type":"page","link":"https:\/\/spegea.it\/landing\/privacy-e-cookie-policy\/","title":{"rendered":"Privacy e Cookie Policy"},"content":{"rendered":"\n<p>PRIVACY POLICY<\/p>\n\n\n\n<p>Questa&nbsp; policy privacy e cookies \u00e8 fornita agli utenti\/visitatori che interagiscono con il sito web ufficiale di Spegea, accessibile per via telematica a partire dall'indirizzo <a href=\"https:\/\/www.spegea.it\">https:\/\/www.spegea.it<\/a> che corrisponde alla home page del sito, ma limitatamente alle landing page allo stesso collegate, ai sensi:<\/p>\n\n\n\n<ul class=\"wp-block-list\"><li>dell'art. 13 del Regolamento UE 2016\/679;<\/li><li>del Provvedimento dell\u2019Autorit\u00e0 privacy italiana n. 229 dell'8 maggio 2014 (Individuazione delle modalit\u00e0 semplificate per l'informativa e l'acquisizione del consenso per l'uso dei cookie);<\/li><li>del Provvedimento dell\u2019Autorit\u00e0 privacy italiana n. 231 del 10 giugno 2021 (Linee guida cookie e altri strumenti di tracciamento) che integra il Provvedimento n. 229 del 2014 e fornisce importanti precisazioni al fine di agevolare i titolari del trattamento nella corretta applicazione dell\u2019attuale quadro regolamentare;<\/li><li>della Raccomandazione n. 2\/2001 del Gruppo Art. 29, relativa ai requisiti minimi per la raccolta dei dati online nell\u2019UE;<\/li><li>della Direttiva 2009\/136\/CE, modificativa della Direttiva 2002\/58\/CE (c.d. Direttiva e-Privacy), relativa al trattamento dei dati personali e alla tutela della vita privata nel settore delle comunicazioni elettroniche;<\/li><li>delle Linee Guida del WP 29 del 10 aprile 2019, ratificate dal Comitato europeo per la protezione dei dati personali e sostituite dalle Guidelines 05\/2020 on consent under Regulation 2016\/679 adottate il 4 maggio 2020.<\/li><\/ul>\n\n\n\n<p>La presente policy descrive le modalit\u00e0 di gestione delle sezioni del sito web ufficiale di Spegea in cui sono offerti servizi informativi e di remarketing per la partecipazione a corsi formativi organizzati dal Titolare del trattamento ma non di altri siti web esterni consultabili eventualmente dall'utente tramite link.<\/p>\n\n\n\n<p>Informazioni aggiuntive potranno essere fornite all'interno di specifiche sezioni.<\/p>\n\n\n\n<p>L\u2019accesso al Sito non richiede all'utente\/visitatore il conferimento di alcun dato personale.<\/p>\n\n\n\n<p>1. TIPOLOGIA DI DATI TRATTATI E FINALITA\u2019 DEL TRATTAMENTO<\/p>\n\n\n\n<p>1.1. Finalit\u00e0 del trattamento<\/p>\n\n\n\n<p>Il trattamento dei dati personali degli utenti\/visitatori \u00e8 volto, principalmente per consentire agli utenti la navigazione all'interno del Sito. I dati personali degli utenti potranno, altres\u00ec, essere utilizzati per l'adempimento degli obblighi di legge. In queste sezioni del sito, in cui sono offerti servizi informativi e di remarketing per la partecipazione a corsi formativi organizzati dal Titolare del trattamento, potranno essere raccolti ulteriori dati personali e preferenze che potranno essere trattati unicamente previa raccolta &nbsp;del consenso espresso del visitatore.<\/p>\n\n\n\n<p>1.2. Dati forniti volontariamente dall'utente<\/p>\n\n\n\n<p>L'invio volontario ed esplicito di posta elettronica agli indirizzi indicati nei differenti canali di accesso di questo sito comporta la successiva acquisizione dell'indirizzo e dei dati del mittente\/utente, necessari per rispondere alle istanze prodotte, nonch\u00e9 degli eventuali altri dati personali inseriti dallo stesso.<\/p>\n\n\n\n<p>Non conserveremo i dati per un periodo di tempo superiore a quello necessario per soddisfare lo scopo per cui sono stati acquisiti. Tali periodi di conservazione generale si applicano a tutti i dati personali che abbiamo raccolto per rispondere alle istanze prodotte.<\/p>\n\n\n\n<p>1.3 Dati di navigazione<\/p>\n\n\n\n<p>La piattaforma \u201csoftware\u201d preposta al funzionamento di questo sito web acquisiscono, nel corso del loro normale esercizio, alcuni dati personali la cui trasmissione \u00e8 implicita nell\u2019uso dei protocolli di comunicazione di Internet.<\/p>\n\n\n\n<p>Si tratta di informazioni che non sono raccolte per essere associate a interessati identificati, ma che per loro stessa natura potrebbero, attraverso elaborazioni ed associazioni con dati detenuti da terzi, effettuate solo previa esplicita richiesta dell\u2019Autorit\u00e0 Giudiziaria, permettere di identificare gli utenti.<\/p>\n\n\n\n<p>In questa categoria di dati rientrano gli indirizzi IP o i nomi di dominio dei computer utilizzati dagli utenti che si connettono al sito, gli indirizzi in notazione URI (Uniform Resource Identifier) delle risorse richieste, l\u2019orario della richiesta, il metodo utilizzato nel sottoporre la richiesta al server, la dimensione del file ottenuto in risposta, il codice numerico indicante lo stato della risposta data dal server (buon fine, errore, ecc.) ed altri parametri relativi al sistema operativo e all\u2019ambiente informatico dell\u2019utente.<\/p>\n\n\n\n<p>Tali dati costituiscono il registro dei collegamenti. Questi dati vengono utilizzati al solo fine di ricavare informazioni statistiche anonime sull\u2019uso del sito e per controllarne il corretto funzionamento. Il registro dei collegamenti \u00e8 poi mantenuto a disposizione dell\u2019Autorit\u00e0 Giudiziaria ed esibito solo dietro esplicita richiesta.<\/p>\n\n\n\n<p>1.3.1 COOKIE POLICY<\/p>\n\n\n\n<p>Cosa sono i cookie.<\/p>\n\n\n\n<p>I cookie sono piccoli file di testo che i siti visitati dagli utenti inviano ai loro terminali, dove vengono memorizzati per essere poi ritrasmessi agli stessi siti in occasione delle visite successive.<\/p>\n\n\n\n<p>Questo sito non fa uso di strumenti di tracciamento passivi quali il fingerprinting ma fa uso di identificatori attivi come i cookies.<\/p>\n\n\n\n<p>Cookie utilizzati da questo sito e loro finalit\u00e0.<\/p>\n\n\n\n<p>Questo sito utilizza cookies di tipo tecnico, che vengono installati automaticamente a seguito dell\u2019accesso al sito, per le finalit\u00e0 indicate in relazione a ciascuno di essi.<\/p>\n\n\n\n<p>Cookies di tipo tecnico: rientrano in questo tipo di cookies quelli di navigazione o di sessione &nbsp;finalizzati unicamente a consentire la trasmissione della comunicazione su una rete di comunicazione elettronica o nella misura strettamente necessaria al fornitore di un servizio della societ\u00e0 dell\u2019informazione esplicitamente richiesto dal contraente o dall\u2019utente a erogare tale servizio oppure, di funzionalit\u00e0, che permettono all'utente la navigazione in funzione di una serie di criteri selezionati che, tra l\u2019altro non contengono dati personali (ad esempio, la lingua, le scelte su alcuni tipi di cookies inerenti il tipo di dispositivo non tecnico) al fine di migliorare il servizio reso all\u2019utente.<\/p>\n\n\n\n<ul class=\"wp-block-list\"><li>Cookie tecnici, assolutamente necessari.<\/li><\/ul>\n\n\n\n<p>Tali cookies non consentono l\u2019acquisizione di dati personali identificativi dell\u2019utente. In ogni momento, l'utente avr\u00e0 comunque la facolt\u00e0 di accettare o meno l'utilizzo dei cookie modificando le impostazioni del suo browser. Qualora l'utente utilizzasse dei computer diversi in differenti postazioni, dovr\u00e0 assicurarsi che ogni singolo browser sia impostato correttamente. L'utente pu\u00f2 facilmente cancellare ogni cookie installato nella cartella cookie, seguendo le procedure previste dal browser utilizzato.<\/p>\n\n\n\n<p>I cookies tecnici utilizzati da questo sito scadono in concomitanza con la chiusura del browser a meno di quelli contenenti la scelta dell\u2019utente sui consensi dei cookies non tecnici che hanno una scadenza di 6 mesi. Tali cookies non consentono l\u2019acquisizione di dati personali identificativi dell\u2019utente.<\/p>\n\n\n\n<ul class=\"wp-block-list\"><li>Cookie pubblicitari o di profilazione:<\/li><\/ul>\n\n\n\n<p>Il sito utilizza la piattaforma di terze parti per offrirti alcune tipologie di pubblicit\u00e0, incluse quelle relative a servizi formativi offerti tramite il sito web, cos\u00ec come alcune pubblicit\u00e0 basate sugli interessi degli utenti.<\/p>\n\n\n\n<p>Terzi autorizzati potrebbero anche impostare cookie quando interagisci con i servizi di Spegea. Per terzi si intendono motori di ricerca, social media e societ\u00e0 che forniscono servizi pubblicitari. Tali terzi utilizzano i cookie nella fornitura di contenuti pubblicitari, inclusa la pubblicit\u00e0 definita in base ai tuoi interessi, per valutare l\u2019efficacia dei loro annunci e per fornire servizi per conto di Spegea.<\/p>\n\n\n\n<p>Facebook: impostato da Facebook per fornire pubblicit\u00e0 quando l\u2019utente naviga su Facebook o su una piattaforma digitale alimentata dalla pubblicit\u00e0 di Facebook dopo aver visitato questo sito web. <a href=\"http:\/\/www.facebook.com\">Clicca qui per maggiori informazioni<\/a><\/p>\n\n\n\n<p>Tali cookies sono classificabili come cookies di profilazione per i quali \u00e8 richiesto il suo esplicito e specifico consenso al primo accesso al sito.<\/p>\n\n\n\n<p>La reiterazione della richiesta di consenso in presenza di una precedente mancata prestazione dello stesso \u00e8 attivit\u00e0 illegittima che, pertanto, Spegea non effettuer\u00e0.<\/p>\n\n\n\n<p>Il banner di acquisizione del consenso, nel caso in cui Lei lo abbia precedentemente negato, Le potr\u00e0 essere ripresentato nei seguenti casi:<\/p>\n\n\n\n<ul class=\"wp-block-list\"><li>Laddove siano decorsi almeno sei mesi dal diniego;<\/li><li>Nel caso in cui siano mutate in modo significativo le condizioni del trattamento e, quindi, il banner assolva anche alla funzione informativa in ordine alle modifiche intervenute (es. in caso di modifica delle terze parti);<\/li><li>Quando il gestore del sito non possa avere contezza del fatto che un cookies sia gi\u00e0 stato in precedenza memorizzato sul dispositivo per essere trasmesso in una successiva visita dello stesso utente, al sito che lo ha generato (es. ipotesi in cui l\u2019utente scelga di cancellare i cookie legittimamente installati nel proprio dispositivo senza che il titolare possa conservare la traccia della volont\u00e0 di mantenere le impostazioni di default e, quindi, di proseguire la navigazione senza essere tracciati.<\/li><\/ul>\n\n\n\n<p>Come controllare le impostazioni relative ai cookie.<\/p>\n\n\n\n<p>Per sapere come modificare le impostazioni dei cookies sul tuo browser:<\/p>\n\n\n\n<ul class=\"wp-block-list\"><li>Fai clic&nbsp;<a href=\"http:\/\/support.mozilla.org\/en-US\/kb\/Enabling%20and%20disabling%20cookies\">qui<\/a>&nbsp;per FireFox<\/li><li>Fai clic&nbsp;<a href=\"http:\/\/support.google.com\/chrome\/bin\/answer.py?hl=en&amp;answer=95647\">qui<\/a>&nbsp;per Chrome<\/li><li>Fai clic&nbsp;<a href=\"http:\/\/support.microsoft.com\/kb\/196955\">qui<\/a>&nbsp;per Internet Explorer<\/li><li>Fai clic&nbsp;<a href=\"http:\/\/support.apple.com\/kb\/PH5000\">qui<\/a>&nbsp;per Safari<\/li><\/ul>\n\n\n\n<p>1.3.2 SOCIAL PLUG IN<\/p>\n\n\n\n<p>Le nostre pagine web potrebbero contenere plug-in dei Social Networks. Per default tali cookies sono disabilitati e le nostre pagine web dotate di un simile plug-in, mostreranno solo i link ai canali Social. Accettando invece l\u2019uso di tali cookies, il browser internet si collega direttamente al Social e il plug-in viene visualizzato sullo schermo grazie alla connessione con il browser.<\/p>\n\n\n\n<p>Prima dell\u2019utilizzo di tali Plug-in l\u2019interessato \u00e8 invitato a consultare la politica privacy degli stessi social networks, sulle loro pagine ufficiali. In alcuni casi i Plug-in potrebbero far uso di cookies di terze parti.<\/p>\n\n\n\n<p>1.3.3 LINK AD ALTRI SITI<\/p>\n\n\n\n<p>La navigazione sul sito web di Spegea consente di accedere, mediante link ad altri siti Web gestiti da terzi. Questi siti possono raccogliere informazioni personali sull\u2019interessato. Spegea non controlla i siti che vengono gestiti da tali soggetti e non pu\u00f2 essere considerato responsabile per le condotte dei medesimi.<\/p>\n\n\n\n<p>Le prescrizioni a tutela della privacy e della sicurezza dei dati personali trattati nei siti collegati da o verso il sito di Spegea non sono coperte dalla presente policy privacy. Spegea, pertanto, non \u00e8 responsabile delle condotte in materia di privacy tenute da questi siti.<\/p>\n\n\n\n<p>2. MODALITA' DEL TRATTAMENTO E CONSERVAZIONE DEI DATI<\/p>\n\n\n\n<p>I dati personali sono trattati con strumenti automatizzati (ad es. utilizzando procedure e supporti elettronici) e\/o manualmente (ad es. su supporto cartaceo) per il tempo strettamente necessario a conseguire gli scopi per cui sono raccolti e, comunque, in conformit\u00e0 alle disposizioni normative vigenti in materia. Specifiche misure di sicurezza sono osservate per prevenire la perdita dei dati, usi illeciti o non corretti ed accessi non autorizzati.<\/p>\n\n\n\n<p>Ai dati raccolti non sar\u00e0 applicato alcun processo decisionale automatizzato.<\/p>\n\n\n\n<p>Decorso tale termine, i dati saranno cancellati o trasformati in forma anonima, salvo che la loro ulteriore conservazione sia necessaria per assolvere ad obblighi di legge o per adempiere ad ordini impartiti da Pubbliche Autorit\u00e0.<\/p>\n\n\n\n<p>3. FACOLTATIVITA' DEL CONFERIMENTO DEI DATI<\/p>\n\n\n\n<p>Il conferimento dei dati personali da parte dell'interessato, per le finalit\u00e0 descritte nel paragrafo precedente (1.2), \u00e8 da ritenersi facoltativo. Il loro mancato conferimento pu\u00f2 comportare l\u2019impossibilit\u00e0 di navigare in talune sezioni del sito.<\/p>\n\n\n\n<p>4. TITOLARE, RESPONSABILE PER LA PROTEZIONE DEI DATI (DPO) E INCARICATI<\/p>\n\n\n\n<p>Il Titolare del trattamento dei dati personali, relativi a persone identificate o identificabili che hanno consultato questo sito, \u00e8 Spegea scarl con sede in via Amendola 172\/C - Bari (BA) che pu\u00f2 essere contattato al seguente indirizzo e mail: spegea.scarl@pec.it<\/p>\n\n\n\n<p>I trattamenti connessi ai servizi web di questo sito sono curati esclusivamente da personale tecnico, incaricato, autorizzato ed istruito al corretto trattamento dei dati personali che, in nessun caso, saranno oggetto di diffusione.<\/p>\n\n\n\n<p>5. COMUNICAZIONE E\/O DIFFUSIONE DEI DATI&nbsp;<\/p>\n\n\n\n<p>I dati personali forniti dall'utente non saranno oggetto di comunicazione a terzi o di diffusione e non saranno trasferiti a paesi terzi (extra UE).<\/p>\n\n\n\n<p>6.DESTINATARI DEI DATI<\/p>\n\n\n\n<p>Per il perseguimento delle finalit\u00e0 descritte, o nel caso in cui ci\u00f2 sia indispensabile o richiesto da disposizioni di legge o da autorit\u00e0 provviste del potere di imporla, il Titolare si riserva la facolt\u00e0 di comunicare i dati ai destinatari appartenenti alle seguenti categorie:<\/p>\n\n\n\n<ul class=\"wp-block-list\"><li>il Data Protection Officer, per dare seguito alle istanze privacy degli interessati e per ogni ulteriore eventualit\u00e0 che rientri nei suoi compiti, come indicati dall\u2019art. 39 del Regolamento UE 2016\/679;<\/li><li>Autorit\u00e0 di controllo e, in generale, soggetti, pubblici o privati, con funzioni di rilievo pubblicistico (es.: Prefettura Questura, Autorit\u00e0 Giudiziaria, in ogni caso solo nei limiti in cui ricorrano i presupposti stabiliti dalla normativa applicabile);<\/li><li>altre societ\u00e0 controllanti, controllate o collegate, ai sensi dell\u2019art. 2359 c.c.;<\/li><li>studi professionali o societ\u00e0 nell\u2019ambito di rapporti di assistenza e consulenza;<\/li><li>soggetti che svolgono adempimenti di controllo, revisione e certificazione delle attivit\u00e0 poste in essere dal Titolare;<\/li><li>fornitori del Titolare, nominate formalmente responsabili del trattamento.<\/li><\/ul>\n\n\n\n<p>7. DIRITTI DEGLI INTERESSATI<\/p>\n\n\n\n<p>Gli \"interessati\", ovvero le persone fisiche cui si riferiscono i dati, hanno il diritto, in qualunque momento, di accedere alle informazioni che ti riguardano e chiederne l'aggiornamento, la rettificazione e l'integrazione, nonch\u00e9 la cancellazione, la trasformazione in forma anonima o il blocco, la limitazione del trattamento e la portabilit\u00e0 dei dati, nonch\u00e9 di opporsi in ogni caso in tutto o in parte al trattamento, per motivi legittimi, al loro trattamento ai sensi degli articoli da 15 a 22 del Regolamento UE 2016\/679.<\/p>\n\n\n\n<p>Gli interessati, inoltre, qualora il trattamento dei loro dati \u00e8 basato su consenso, potranno in qualunque momento revocarlo. La revoca del consenso non inficia i precedenti trattamenti. Si ricorda che l\u2019interessato pu\u00f2 sempre opporsi al trattamento per fini promozionali.<\/p>\n\n\n\n<p>La portabilit\u00e0 consiste nel diritto dell\u2019interessato alla ricezione, in un formato strutturato, di uso comune e leggibile da dispositivo automatico, dei dati personali forniti al Titolare, nonch\u00e9 la trasmissione degli stessi a un altro titolare del trattamento, e ci\u00f2 in qualsiasi momento, anche alla cessazione dei rapporti eventualmente intrattenuti col Titolare.<\/p>\n\n\n\n<p>I trattamenti di dati personali effettuati per fini di sicurezza informatica o per esigenze difensive rientrano tra i trattamenti per il legittimo interesse del Titolare, in tal caso l\u2019interessato pu\u00f2 opporsi solo per motivi connessi alla sua situazione particolare che il Titolare valuter\u00e0 fermo restando l\u2019esecuzione delle finalit\u00e0 difensive.<\/p>\n\n\n\n<p>Per qualunque informazione in merito al trattamento dei dati, nonch\u00e9 per l\u2019esercizio dei diritti di cui agli articoli 15-22 del Regolamento UE 2016\/679, gli utenti possono inviare un\u2019email all\u2019indirizzo: dpo_spegea@spegea.it<\/p>\n\n\n\n<p>Inoltre, gli interessati hanno il diritto di rivolgersi al Garante per la protezione dei dati personali, con sede in Roma a Piazza Venezia, 11, o ad altra autorit\u00e0 per proporre un reclamo in merito al trattamento dei propri dati personali ai sensi dell\u2019art. 77 nel caso in cui ritengano vi sia stata una violazione dei loro dati personali v. www.garanteprivacy.it.<\/p>\n\n\n\n<p>8. MODIFICHE ALLA PRIVACY POLICY<\/p>\n\n\n\n<p>La presente Privacy Policy pu\u00f2 subire modifiche nel tempo \u2013 anche connesse all\u2019eventuale entrata in vigore di nuove normative di settore, all\u2019aggiornamento o erogazione di nuovi servizi ovvero ad intervenute innovazioni tecnologiche \u2013 per cui invitiamo l\u2019utente\/visitatore a consultare periodicamente questa pagina.<\/p>\n","protected":false},"excerpt":{"rendered":"<p>PRIVACY POLICY Questa&nbsp; policy privacy e cookies \u00e8 fornita agli utenti\/visitatori che interagiscono con il sito web ufficiale di Spegea, accessibile per via telematica a partire dall'indirizzo https:\/\/www.spegea.it che corrisponde alla home page del sito, ma limitatamente alle landing page allo stesso collegate, ai sensi: dell'art. 13 del Regolamento UE 2016\/679; del Provvedimento dell\u2019Autorit\u00e0 privacy [&hellip;]<\/p>\n","protected":false},"author":3,"featured_media":0,"parent":0,"menu_order":0,"comment_status":"closed","ping_status":"closed","template":"","meta":{"footnotes":""},"class_list":["post-1862","page","type-page","status-publish","hentry"],"yoast_head":"<!-- This site is optimized with the Yoast SEO plugin v16.6 - https:\/\/yoast.com\/wordpress\/plugins\/seo\/ -->\n<title>Privacy e Cookie Policy - Spegea<\/title>\n<meta name=\"robots\" content=\"noindex, follow, max-snippet:-1, max-image-preview:large, max-video-preview:-1\" \/>\n<meta property=\"og:locale\" content=\"it_IT\" \/>\n<meta property=\"og:type\" content=\"article\" \/>\n<meta property=\"og:title\" content=\"Privacy e Cookie Policy - Spegea\" \/>\n<meta property=\"og:description\" content=\"PRIVACY POLICY Questa&nbsp; policy privacy e cookies \u00e8 fornita agli utenti\/visitatori che interagiscono con il sito web ufficiale di Spegea, accessibile per via telematica a partire dall&#039;indirizzo https:\/\/www.spegea.it che corrisponde alla home page del sito, ma limitatamente alle landing page allo stesso collegate, ai sensi: dell&#039;art. 13 del Regolamento UE 2016\/679; del Provvedimento dell\u2019Autorit\u00e0 privacy [&hellip;]\" \/>\n<meta property=\"og:url\" content=\"https:\/\/spegea.it\/landing\/privacy-e-cookie-policy\/\" \/>\n<meta property=\"og:site_name\" content=\"Spegea\" \/>\n<meta property=\"article:modified_time\" content=\"2024-03-13T16:45:59+00:00\" \/>\n<meta name=\"twitter:card\" content=\"summary_large_image\" \/>\n<meta name=\"twitter:label1\" content=\"Tempo di lettura stimato\" \/>\n\t<meta name=\"twitter:data1\" content=\"11 minuti\" \/>\n<script type=\"application\/ld+json\" class=\"yoast-schema-graph\">{\"@context\":\"https:\/\/schema.org\",\"@graph\":[{\"@type\":\"WebSite\",\"@id\":\"https:\/\/spegea.it\/landing\/#website\",\"url\":\"https:\/\/spegea.it\/landing\/\",\"name\":\"Spegea\",\"description\":\"\",\"potentialAction\":[{\"@type\":\"SearchAction\",\"target\":{\"@type\":\"EntryPoint\",\"urlTemplate\":\"https:\/\/spegea.it\/landing\/?s={search_term_string}\"},\"query-input\":\"required name=search_term_string\"}],\"inLanguage\":\"it-IT\"},{\"@type\":\"WebPage\",\"@id\":\"https:\/\/spegea.it\/landing\/privacy-e-cookie-policy\/#webpage\",\"url\":\"https:\/\/spegea.it\/landing\/privacy-e-cookie-policy\/\",\"name\":\"Privacy e Cookie Policy - Spegea\",\"isPartOf\":{\"@id\":\"https:\/\/spegea.it\/landing\/#website\"},\"datePublished\":\"2022-08-04T08:07:38+00:00\",\"dateModified\":\"2024-03-13T16:45:59+00:00\",\"breadcrumb\":{\"@id\":\"https:\/\/spegea.it\/landing\/privacy-e-cookie-policy\/#breadcrumb\"},\"inLanguage\":\"it-IT\",\"potentialAction\":[{\"@type\":\"ReadAction\",\"target\":[\"https:\/\/spegea.it\/landing\/privacy-e-cookie-policy\/\"]}]},{\"@type\":\"BreadcrumbList\",\"@id\":\"https:\/\/spegea.it\/landing\/privacy-e-cookie-policy\/#breadcrumb\",\"itemListElement\":[{\"@type\":\"ListItem\",\"position\":1,\"name\":\"Home\",\"item\":\"https:\/\/spegea.it\/landing\"},{\"@type\":\"ListItem\",\"position\":2,\"name\":\"Privacy e Cookie Policy\"}]}]}<\/script>\n<!-- \/ Yoast SEO plugin. -->","_links":{"self":[{"href":"https:\/\/spegea.it\/landing\/wp-json\/wp\/v2\/pages\/1862","targetHints":{"allow":["GET"]}}],"collection":[{"href":"https:\/\/spegea.it\/landing\/wp-json\/wp\/v2\/pages"}],"about":[{"href":"https:\/\/spegea.it\/landing\/wp-json\/wp\/v2\/types\/page"}],"author":[{"embeddable":true,"href":"https:\/\/spegea.it\/landing\/wp-json\/wp\/v2\/users\/3"}],"replies":[{"embeddable":true,"href":"https:\/\/spegea.it\/landing\/wp-json\/wp\/v2\/comments?post=1862"}],"version-history":[{"count":2,"href":"https:\/\/spegea.it\/landing\/wp-json\/wp\/v2\/pages\/1862\/revisions"}],"predecessor-version":[{"id":1976,"href":"https:\/\/spegea.it\/landing\/wp-json\/wp\/v2\/pages\/1862\/revisions\/1976"}],"wp:attachment":[{"href":"https:\/\/spegea.it\/landing\/wp-json\/wp\/v2\/media?parent=1862"}],"curies":[{"name":"wp","href":"https:\/\/api.w.org\/{rel}","templated":true}]}}